19. Give r(x).
4
Let q = -5 - -7. Let a(v) = -v**2 - 3*v + 7 + 2*v**q + 5*v - v. Calculate a(0).
7
Let b(l) be the third derivative of -l**6/120 + l**5/20 - l**4/12 - l**3/3 + 26*l**2. Calculate b(4).
-26
Let l(d) = d. Let s(q) = -q**2 - 9*q. Let x(m) = -6*l(m) - s(m). Determine x(-5).
10
Let s(l) = l**3 - 4*l**2 + 2*l - 5. Let q be s(4). Suppose g = p, -p = -g + q*g - 6. Let y(h) = -1 - 4*h + p*h - 2*h**2 + 4*h + h**3. What is y(1)?
0
Suppose 6 = 3*f - 3*d, 2*f = -d + 3 + 1. Let u(s) = s**2 - 5*s + 3. Calculate u(f).
-3
Let k = -44 + 46. Let p(y) = y**3 + y**2 - y + 2. Calculate p(k).
12
Let l(k) = -k**2 - 8*k - 8. Let w be l(-7). Let i be (2 + 0)*w/(-1). Let g(y) = -3*y + 2. Calculate g(i).
-4
Let s(y) be the third derivative of y**6/120 - y**5/20 + y**4/12 - y**3/2 + y**2. Suppose 17 = -3*p + 131. Let f be 16/56 - p/(-14). Determine s(f).
3
Let m(c) = -5*c - 5*c**2 + 4*c**2 - 2*c + 3*c. Determine m(-3).
3
Let p be (1 - -1)*(-9)/(-2). Let d = 9 - p. Let c(b) = -3 + 3*b + 0 - 5*b + d*b. Determine c(-4).
5
Let a(r) = 5*r**3 + 10*r**2 + 10*r - 5. Let j(o) = -11*o**3 - 21*o**2 - 21*o + 10. Let p(y) = -9*a(y) - 4*j(y). Give p(-5).
10
Let v(q) = -q**3 - 2*q**2 - 4*q - 3. Let c = -3 + 1. Give v(c).
5
Let o(h) = -h**2 - 8*h - 8. Suppose 0 = 4*x + 16, -197 + 34 = -3*f - 2*x. Suppose -2 - 4 = -p. Let v be f/(-9) - (-2)/p. Give o(v).
4
Let c(k) = 3*k - 6. Let l(z) = 5*z - 9. Let r(w) = 8*c(w) - 5*l(w). Determine r(6).
-9
Let k(y) = y**3 - y**2 - y + 2. Let l = -1 - -1. Let d be k(l). Let g(x) = 2*x**3 - 2*x**2 + 2*x - 2. Give g(d).
10
Let l(f) = -f**3 - 3*f**2 - 2*f - 4. Let p be l(-3). Let b(k) = -k - k - p*k. Suppose -5*o + 2 = -7*o. What is b(o)?
4
Suppose -2*n = -0*n - a - 11, -n - 5*a + 11 = 0. Let l(x) = -x**2 + 6*x - 5. What is l(n)?
-5
Let u = 105 - 98. Let g(h) = -h + 4. What is g(u)?
-3
Let q(b) = 3*b**3 + 7*b**2 - 9*b - 11. Let r(m) = -m**3 + m**2. Let o(c) = -q(c) - 4*r(c). Give o(10).
1
Let o(x) be the second derivative of -x**3/3 + 7*x**2/2 - 8*x. What is o(5)?
-3
Let z = -47 - -51. Let o(h) = -h**3 + 5*h**2 - h - 1. Give o(z).
11
Let z = 2 - -7. Let d = z - 4. Let x(a) = d + 0*a**3 + a**3 + 11*a + 6*a**2 - 4*a. Give x(-5).
-5
Let m = -3 + 9. Suppose -l + 2*l + 4*i = -6, -2*i - m = 0. Let q(c) = c**2 - 6*c + 6. What is q(l)?
6
Suppose -4*p + 4*b - 31 - 1 = 0, -3*b = -12. Let y(o) = o - 12. Let x(a) = a - 14. Let n(r) = -6*x(r) + 7*y(r). Determine n(p).
-4
Let q be 3*(-1 - 3/(-9)). Let w(z) = 2 + 3*z**3 + z**3 + 0 - 3*z**3. What is w(q)?
-6
Let f(k) be the first derivative of -1/3*k**3 - 1 - 3*k**2 + 2*k. What is f(-5)?
7
Let c(a) = 0*a + a + 2 + 5*a**2 - a**3 - 4*a. Suppose -s = -4 - 0. Calculate c(s).
6
Let f(h) = h. Let l = -32 + 27. Give f(l).
-5
Let c(i) = i**3 + 7*i**2 + 5*i - 7. Let g be c(-6). Let s be (-2)/(-1)*g - -24. Let h(a) = 1 + s*a**3 + 4*a**2 + 0 - 23*a**3 - 2*a. Give h(4).
-7
Let a(l) = -l**3 + 7*l**2 - 5*l + 2. Let q = -4 + 7. Suppose q*m = m + s + 7, -5*s = -m - 19. What is a(m)?
8
Suppose l = -3*u - 1, -2*l + 4 = -4*u - 4. Let n(f) = -f**3 - l*f - 2 + 9 + 3*f. What is n(0)?
7
Let s be 4 + (4/(-2) - 2). Let r(v) be the third derivative of -2/3*v**3 + 0 + s*v - v**2 + 1/24*v**4. Give r(0).
-4
Let i(w) = -w**3 + w**2 - w + 6. Suppose 0 = -5*x - 0*x + 20. Let j = x + -4. Let o be (j + (-2)/(-4))*0. Give i(o).
6
Suppose -5*t - 4*k + 37 = 0, 0 + 1 = 2*t - 3*k. Suppose 24 = -t*v + 14. Let x(y) be the third derivative of -y**5/30 + y**2. Determine x(v).
-8
Suppose 1 = -t + 4. Let d be 1*(-1)/(t/6). Let j(l) = -l**2 - 2*l. Give j(d).
0
Let d(i) = -i**2 - i. Let s(p) = -11*p**2 - 6*p. Let c(q) = -5*d(q) + s(q). What is c(1)?
-7
Let l(x) = x**3 + 5*x**2 + 5*x - 2. Let k be (-1 + 2)*(0 - 0). Suppose 4*s + 3*m + 1 = k, 3*s - 2 + 9 = -m. What is l(s)?
-6
Let b(z) = z**3 + 6*z**2 + 4*z - 1. Suppose 3 = -j - 2. Let w be 54/(-10) - 2/j. What is b(w)?
4
Let v be 2/(-3) + ((-5)/(-3) - -1). Let u(p) = p**2 - 3*p + 3. Determine u(v).
1
Let x = -2 - -3. Let g(i) = 3*i**2 - 3*i - 2. Let o(m) = -5*m**2 + 7*m + 5. Suppose w = 9 - 2. Let l(z) = w*g(z) + 3*o(z). Determine l(x).
7
Let w(y) = -y + 0*y**2 + 9*y**2 - 23*y**2. Determine w(1).
-15
Let y(s) = -3*s + 3. Let i(l) = l - 2. Let b(m) = -5*i(m) - 3*y(m). Let u(f) = f**3 + 3*f**2 + f + 4. Let v be -4 - (-4 + 3) - 0. Let r be u(v). Give b(r).
5
Let y(w) = 2*w**2 - 2*w**2 + 1 + 4*w - w**2. Let s(f) = -f - 2. Suppose 5*g + 0*g = 3*k - 36, -2*g - 4*k - 4 = 0. Let a be s(g). What is y(a)?
1
Let x(n) = n**3 + 9*n**2 - 10. Let c(j) = -j**3 + 9*j**2 + 10*j - 9. Let g be c(10). Give x(g).
-10
Let z(v) be the first derivative of -v**3/6 - v**2/2 + v + 6. Let g(t) be the first derivative of z(t). Calculate g(-3).
2
Let c(k) = -k**2 - 7*k + 3*k - 8 - 4*k. Determine c(-8).
-8
Let y(v) be the first derivative of 3*v**3 - v**2/2 + v + 2. Let z(k) = 3*k - 11. Let n be z(4). Calculate y(n).
9
Let x(r) be the first derivative of -r**3/3 + 9*r**2/2 - 9*r + 5. Determine x(7).
5
Let d be -1 - (-4)/2 - (-10 + 8). Let b(k) be the third derivative of k**5/60 - k**4/12 - k**3/3 - k**2. What is b(d)?
1
Let n = 2 + 2. Let g(i) be the first derivative of i**3/3 - i**2 + 2*i + 2. Calculate g(n).
10
Let l(q) = q**2. Let m(i) = -i**3 + 4*i**2 - 1. Let c(a) = l(a) - m(a). What is c(2)?
-3
Let l be 2 + (2 + -2)/(-1). Let s(a) = -7*a**3 + a - 2*a**3 + 3*a**3 + 5*a**3. Determine s(l).
-6
Let h = 3 + -3. Suppose h - 3 = -f. Let a(x) = x - 4 + 1 - x**3 + f*x**2 + 2*x. Calculate a(4).
-7
Let g(h) = 4*h. Let j(l) = -5*l**3 - 8*l**2 - 8*l. Let m(d) = d**3 + d**2 + d - 1. Let v(i) = -j(i) - 4*m(i). Let r be v(-3). Let b = -2 + r. Give g(b).
-4
Suppose 6*q - 2*q = 12. Suppose -2*n - 6 = q*a - 1, 2*a + 5 = -n. Let c(b) = -2*b + 29. Let j(p) = -p + 14. Let i(o) = 6*c(o) - 13*j(o). Calculate i(n).
-3
Let b(n) = n**2 - 2*n - 1. Let p(k) = -2*k - 1. Let t(a) = 4*b(a) - 3*p(a). Determine t(-1).
5
Let c(a) = 9*a**3 - a**2 + 3*a + 1. Let d(v) = 19*v**3 - 2*v**2 + 7*v + 2. Let i(p) = -9*c(p) + 4*d(p). Determine i(1).
-4
Let q(s) = -3*s**2 + 7*s - s**2 - 6 + 3*s**2. Let i be 2 + 3 - (1 - (-1 - -3)). What is q(i)?
0
Let d(x) = -x + 4. Let b be 3*(-10)/(-3)*1. Let y = b + -7. Suppose -y = 2*p - p. Calculate d(p).
7
Let z(f) = 3*f**3 - 6*f**2 - 5*f - 3. Let g(r) = r**3 - r. Let p(v) = 4*g(v) - z(v). Determine p(-6).
-3
Let s = -2 - -2. Let i(f) = 2*f**3 - f**3 + f**2 - 4*f - 1 + 2*f**2 + s*f**2. Determine i(-4).
-1
Let t(s) = -6. Let g(w) = w - 6. Let a(b) = -2*g(b) + 3*t(b). Suppose 4*q - 2*q = -8. Give a(q).
2
Let x(i) = 2*i**2 - 4*i + 2. Let g(u) be the third derivative of u**5/60 - u**3/3 - 2*u**2. Let b = -3 + 1. Let z be g(b). What is x(z)?
2
Let w(t) = -t + 5. Let b(n) = n**2 - n. Suppose -a - 4*m = 10, 3*m + 23 = -5*a + 7. Let p be b(a). Give w(p).
-1
Let d(g) = -g**3 - 8*g**2 - 7*g + 5. Let p be d(-7). Let m(r) = -r + 7. What is m(p)?
2
Suppose 4*m = 3*m + 1. Let p(g) = m + 2*g**3 - 2*g**3 - g**3 - 6. What is p(0)?
-5
Suppose 0 = -p + 2*l + 9, 0*p - 11 = p + 3*l. Let v(i) = -3*i + 3*i**2 + i**3 + 6*i + 3*i**2 - i**2 + p. Let w(h) = 2*h + 4. Let z be w(-4). Calculate v(z).
5
Let a(v) be the first derivative of -5/24*v**4 + 1/20*v**5 + 0*v + 0*v**2 + 2/3*v**3 - 1/360*v**6 + 2. Let s(j) be the third derivative of a(j). Determine s(5).
0
Let o(y) = y**3 - 6*y**2 - 2*y + 6. Suppose 5*a = 0, 2*p - 5*a + 10 = 22. Determine o(p).
-6
Let y(h) = -h - 4. Let v(c) = -3*c**3 - 3*c**2 + 2*c. Let g be v(1). Determine y(g).
0
Suppose 3*k + 14 = 5*t - 46, -2*t - 3*k = -45. Suppose 0 = 7*r - 2*r - t. Let z(w) = 4 - 2*w**2 - 1 - 4*w + w**3 + 0*w**3. Calculate z(r).
0
Let n(s) = 0*s**2 - s**3 + 10*s**2 - 24*s**2 + 15*s. Give n(-15).
0
Let j be -6 + 9 - (12 + -1). Let g = j + 10. Let z(u) = u**2 + 2*u - 2. What is z(g)?
6
Let t(x) = -2*x**2 + 3*x + 2. Let y be (26/3)/((-10)/(-15)). Let o = y + -10. What is t(o)?
-7
Let r = -4 - -10. Suppose r = 4*l + 2. Let g(s) = -8*s**3 - s**2. Determine g(l).
-9
Let c(h) be the first derivative of -h**4/4 - 7*h**3/3 - h - 9. Give c(-7).
-1
Let x(q) = 8*q**3 + q**2 - 1. Let c(w) = -w**2 - 16*w - 14. Let m be c(-15). What is x(m)?
8
Let p be ((-4)/6)/((-4)/18). Let v(t) = p + 56*t - 1 - t**2 - 55*t. Let a = 4 - 4. Calculate v(a).
2
Let i(v) be the second derivative of v**5/20 - 5*v**4/12 + v**3/3 + 3*v**2/2 - 81*v. Let